- 18*i**2 + 433*i - 5797. What is p(15)?
23
Let o(p) = 2*p**3 + 40*p**2 - 133*p - 1042. Determine o(-22).
-52
Let x(o) = 4*o**2 - 94*o + 193. What is x(0)?
193
Let s(h) = -2*h**3 - 231*h**2 + 3364*h - 452. Calculate s(13).
-153
Let y(a) = -2*a**2 - 1514*a + 128443. Calculate y(77).
7
Let a(b) = b**3 + 15*b**2 - 1462*b + 1126. Give a(31).
10
Let l(w) = w**3 + 73*w**2 - 1343*w + 7200. What is l(-89)?
-9
Let o(r) = 4*r**3 + 755*r**2 - 422*r - 44213. Give o(-189).
-176
Let s(k) = 31958*k + 95874. Determine s(-3).
0
Let b(w) = 4557620*w + 36460969. Give b(-8).
9
Let l(r) = -r**3 - 7*r**2 - 57*r - 414. What is l(-8)?
106
Let b(w) = -2796*w + 173369. What is b(62)?
17
Let u(l) = l**3 - 91*l**2 - 615*l + 1345. What is u(97)?
-1856
Let k(t) = 689749*t + 9656499. What is k(-14)?
13
Let j(k) = 9092*k + 17265707. Calculate j(-1899).
-1
Let c(m) = 16*m**2 + 17780*m - 17792. Give c(1).
4
Let m(u) = 7*u**2 - 46*u - 2186. Determine m(20).
-306
Let a(b) = -1518*b - 440186. What is a(-290)?
34
Let h(g) = -4*g**2 - 241*g + 250. Give h(-40).
3490
Let a(g) = 500*g - 13724. Calculate a(25).
-1224
Let b(k) = -k**2 + 22*k + 1008. Calculate b(-17).
345
Let f(n) = -11*n**2 - 43*n - 336. Calculate f(-12).
-1404
Let z(y) = -965431*y + 965436. Give z(1).
5
Let b(z) = 14*z + 705. Calculate b(-4).
649
Let l(t) = -3*t**2 - 1847*t + 11157. Give l(6).
-33
Let m(a) = -248627*a - 5718421. Determine m(-23).
0
Let l(z) = 27*z**2 - 162*z - 181. Calculate l(7).
8
Let p(f) = -4*f**3 + 69*f**2 - 43*f - 207. Determine p(17).
-649
Let y(v) = -8*v**3 + 208*v**2 + 6*v - 111. Give y(26).
45
Let b(m) = 2*m**3 - 39*m**2 + 3998*m - 75632. Calculate b(19).
-31
Let c(q) = -168036*q + 504114. Determine c(3).
6
Let i(j) = -j**3 - 30*j**2 - 346*j - 82. Calculate i(-15).
1733
Let c(a) = 3*a**2 - 62*a + 24. Calculate c(-9).
825
Let r(w) = -59846*w + 478776. Calculate r(8).
8
Let q(b) = 105*b + 4814. Determine q(-56).
-1066
Let y(f) = f**2 + 536758*f + 19858689. What is y(-37)?
12
Let c(f) = -41*f**3 + 581*f**2 - 5*f - 27. Give c(14).
1275
Let z(u) = -2*u**3 - 361*u**2 + 537*u + 64436. Determine z(-181).
0
Let z(l) = -8729*l + 209484. What is z(24)?
-12
Let n(p) = p**3 - 1129*p**2 + 14953*p - 496614. Give n(1116).
6
Let q(l) = -l**3 + 10*l**2 + 7922*l + 77215. Give q(-10).
-5
Let c(v) = 3*v**2 - 112*v + 3651. Determine c(26).
2767
Let z(n) = n**3 - 14*n**2 - 1553*n - 57. Give z(-33).
9
Let t(q) = -q**2 - 1123*q + 88529. Determine t(-1197).
-49
Let t(k) = -2*k**2 - 108942*k + 1089614. What is t(10)?
-6
Let m(b) = -5727*b - 475337. Give m(-83).
4
Let c(k) = -228*k + 12732. Give c(56).
-36
Let l(s) = 3*s**3 + 504*s**2 - 33*s - 5480. Calculate l(-168).
64
Let m(f) = -4*f**3 - 95*f**2 - 551*f + 8. What is m(-12)?
-148
Let z(u) = -u**2 - 314*u - 9991. Determine z(-278).
17
Let u(z) = 5*z**2 + 10*z + 87. What is u(-6)?
207
Let u(i) = -1689*i + 1632. Give u(1).
-57
Let o(i) = -i**2 + 12582*i + 125912. What is o(-10)?
-8
Let t(h) = -22*h - 166. Calculate t(-47).
868
Let i(b) = -1214*b + 63480. Give i(50).
2780
Let u(o) = -4*o**2 + 49*o - 1459. Determine u(27).
-3052
Let b(f) = -315*f**2 + 11*f - 157. What is b(-4)?
-5241
Let p(c) = -3*c + 40. Determine p(-7).
61
Let v(o) = -o**3 - 304*o**2 - 581*o + 6943. Calculate v(-302).
-3
Let v(b) = b**3 - 4*b**2 - 2170*b + 15053. Give v(7).
10
Let a(v) = -1936*v - 1651. Give a(-1).
285
Let g(x) = -357*x - 5946. Give g(7).
-8445
Let k(g) = -7*g**3 - 223*g**2 + 154*g + 3898. What is k(-32)?
-6
Let a(j) = 2*j**3 + 323*j**2 - 12155*j + 648. What is a(-193)?
-124
Let d(p) = p**3 + 48*p**2 + 50*p - 1977. Calculate d(-47).
-2118
Let c(z) = 4*z**2 - 637*z + 4509. Determine c(8).
-331
Let r(s) = s**3 + 560*s**2 - 8603*s - 293. Give r(15).
37
Let x(f) = -10*f**2 - 1095*f + 519. What is x(-110)?
-31
Let v(b) = -195*b**2 + 5650*b - 6. Calculate v(29).
-151
Let f(c) = 57124*c + 571671. Determine f(-10).
431
Let z(p) = 1431*p**3 - 3*p**2 + 9*p + 11. Determine z(-1).
-1432
Let w(a) = 64*a**2 - 987*a - 8228. What is w(-6)?
-2
Let i(p) = 203102*p + 10358208. Give i(-51).
6
Let m(i) = -i**3 - 40*i**2 - 61*i - 348. Give m(-38).
-918
Let n(q) = -6*q**2 + 2045*q + 8220. Give n(-4).
-56
Let w(k) = 6*k**2 + 7701*k + 46026. Determine w(-6).
36
Let j(c) = 2*c**2 + 258*c + 7361. Determine j(-87).
53
Let v(t) = 2*t**2 - 295*t - 6995. Calculate v(-20).
-295
Let i(c) = 78*c + 3917. Give i(-47).
251
Let i(c) = -8562*c**2 + 1558284*c - 2. Give i(182).
-2
Let p(n) = 10577*n + 1639449. What is p(-155)?
14
Let s(h) = h**2 - 136549*h - 14348673. Determine s(-105).
-3
Let x(i) = i**3 + 63*i**2 + 528*i + 21147. Give x(-60).
267
Let p(f) = f**3 + 59*f**2 - 185*f - 6569. Calculate p(-60).
931
Let f(n) = n**3 - 27*n**2 + 560*n - 27197. Give f(34).
-65
Let i(u) = 2140*u + 27835. What is i(-13)?
15
Let g(c) = -132*c**2 + 596*c + 600. What is g(5)?
280
Let r(u) = 1008*u**2 + 71565*u - 218. Calculate r(-71).
-5
Let i(c) = -c**3 + 324*c**2 + 335*c - 3256. What is i(325)?
-6
Let z(i) = -121*i - 3671. Determine z(-30).
-41
Let k(i) = 2*i**3 - 4*i**2 + 472*i - 938. What is k(2)?
6
Let y(j) = 2*j**2 - 176*j - 5597. Calculate y(-24).
-221
Let f(o) = 3459*o - 14072. Determine f(4).
-236
Let n(y) = 1054*y + 67454. Calculate n(-64).
-2
Let q(w) = w**3 + 228*w**2 + 170*w - 12221. Give q(-227).
718
Let s(z) = -95*z**2 + 113*z - 317. Calculate s(3).
-833
Let y(q) = -q**2 + 268008*q + 9113449. Give y(-34).
21
Let v(s) = 180*s + 61910. Give v(-348).
-730
Let a(u) = 121*u + 15828. Determine a(-99).
3849
Let h(o) = -25406*o - 15065783. Determine h(-593).
-25
Let l(t) = -183*t + 22907. Calculate l(125).
32
Let f(x) = -x**3 - 137*x**2 - 630*x - 30150. Calculate f(-134).
402
Let y(j) = -2024*j + 66798. Calculate y(33).
6
Let n(a) = 2*a**3 + 110*a**2 - 187*a - 10300. Determine n(-55).
-15
Let f(x) = 3*x**3 - 23*x**2 - 46*x + 17. Calculate f(13).
2123
Let o(d) = -1285*d + 161899. Calculate o(126).
-11
Let k(p) = -p**3 + 2*p**2 - 10406*p + 52074. Give k(5).
-31
Let o(y) = -y**3 - 1041*y**2 - 46680*y + 1796. What is o(-47)?
10
Let z(p) = 23*p**2 + 178*p + 220. Give z(-6).
-20
Let g(h) = 4395*h + 2593025. Give g(-590).
-25
Let a(n) = -n**3 + 507*n**2 - 428*n - 39387. Calculate a(506).
81
Let s(f) = -f**2 + 1343*f - 57202. Give s(44).
-46
Let w(x) = -8*x**2 - 23384*x + 140542. Calculate w(6).
-50
Let r(p) = -30215*p - 3112151. Calculate r(-103).
-6
Let h(o) = 3*o**3 + 881*o**2 + 571*o - 4570. Give h(-293).
-175
Let n(j) = -j**3 + 97*j**2 + 734*j - 465. Determine n(104).
159
Let v(y) = -y**3 - 36*y**2 + 29260*y + 14. Determine v(-190).
14
Let c(d) = -2296*d - 1880. Determine c(-1).
416
Let r(w) = -264*w + 10432. Determine r(35).
1192
Let c(g) = -39*g**2 - 237*g - 117. What is c(-5)?
93
Let c(j) = -73*j + 4269. Calculate c(62).
-257
Let c(z) = 2*z**3 - 264*z**2 + 275*z - 35825. What is c(132)?
475
Let k(u) = -23362*u + 327083. Determine k(14).
15
Let d(h) = -h**3 + 170*h**2 - 1736*h - 2059. Determine d(159).
8
Let q(r) = 34011*r + 68040. Give q(-2).
18
Let q(l) = -731536*l + 1463063. What is q(2)?
-9
Let g(h) = -h**2 - 7*h - 216. Calculate g(-36).
-1260
Let y(q) = 4012*q - 160441. Determine y(40).
39
Let h(o) = -4*o**2 + 874*o + 7795. What is h(-9)?
-395
Let q(b) = -83*b**3 + 10*b**2 + 66*b + 56. Determine q(-1).
83
Let h(f) = -921*f**3 - 38*f**2 + 28*f + 9. Calculate h(1).
-922
Let p(k) = k**3 + 141*k**2 + 822*k + 2496. Determine p(-135).
876
Let d(a) = 22*a**2 + 47*a - 25. Give d(-6).
485
Let d(v) = -2501*v**3 - 2*v**2 - 44*v + 45. Give d(1).
-2502
Let b(q) = 13129*q + 1588619. Determine b(-121).
10
Let s(b) = 2808*b - 38039. Give s(14).
1273
Let m(v) = -7*v**3 - 177*v**2 - 36*v + 342. What is m(-25)?
-8
Let o(g) = 35994*g - 107982. Give o(3).
0
Let l(q) = -q**2 + 9*q + 43999. Calculate l(-205).
129
Let w(x) = -10*x**2 - 64*x + 962. Determine w(7).
24
Let b(s) = -s**2 + 317*s + 7448. Calculate b(339).
-10
Let v(x) = -134*x - 2570. Give v(-14).
-694
Let a(c) = -928*c - 22955. Determine a(-25).
245
Let k(f) = f**2 + 426*f + 33344. Calculate k(-322).
-144
Let o(i) = -2*i**2 - 396*i + 2014. Determine o(-203).
-16
Let p(b) = 2226*b - 4944. Determine p(3).
1734
Let b(g) = 4*g**2 - 4110*g - 45712. What is b(-11)?
-18
Let u(x) = -x**3 + 5*x**2 - 2427*x + 22071. Calculate u(9).
-96
Let n(m) = 3*m**2 - 425*m - 5236. Give n(-12).
296
Let a(f) 